= l**3 + 33*l**2 + 29*l + 1382. Calculate g(-32).
1478
Let y(p) = 2*p**3 + 319*p**2 - 2860*p - 451. What is y(-168)?
221
Let o(p) = -2*p**2 + 1325*p - 72816. What is o(602)?
26
Let d(q) = -13*q**3 - 1301*q**2 - 100*q - 298. Give d(-100).
-298
Let m(a) = -376455*a + 6023272. Give m(16).
-8
Let z(x) = -2*x**3 - 11*x**2 + 36717*x + 220265. Give z(-6).
-1
Let g(h) = 65*h**3 + 12*h**2 + 6*h - 18. What is g(-3)?
-1683
Let j(d) = -2272*d + 45449. Give j(20).
9
Let b(j) = 4*j**3 - 16*j**2 - 27*j + 823. Give b(-8).
-2033
Let o(w) = -24705*w - 148395. Calculate o(-6).
-165
Let m(x) = -166*x - 729. Determine m(9).
-2223
Let v(u) = -13211*u - 449293. Calculate v(-34).
-119
Let a(m) = -m**2 - 297*m - 10439. What is a(-255)?
271
Let l(y) = 135*y**2 - 2485*y + 543. Calculate l(18).
-447
Let w(q) = 1396*q**2 + 4*q - 5. What is w(1)?
1395
Let x(f) = -3*f**3 - 497*f**2 - 14899*f - 55670. Determine x(-128).
10
Let r(l) = -4*l**3 - 322*l**2 + 131*l - 1150. Determine r(-81).
1361
Let v(f) = -8*f**2 - 162*f - 565. Give v(-16).
-21
Let b(c) = -48052*c - 2210388. Give b(-46).
4
Let d(v) = -20359*v - 101828. Give d(-5).
-33
Let h(v) = -79*v**2 - 1246*v + 317. Give h(-16).
29
Let f(o) = -9732*o - 98215. What is f(-10)?
-895
Let b(k) = 154*k**2 - 387*k + 160. What is b(2)?
2
Let m(g) = -1994*g - 11947. What is m(-6)?
17
Let h(m) = m**3 + 113*m**2 + 146*m + 102340. What is h(-119)?
0
Let n(o) = -o**3 + 81*o**2 + 433*o - 336. Determine n(86).
-78
Let a(d) = 3026737*d - 18160420. What is a(6)?
2
Let y(l) = -11882*l + 71307. What is y(6)?
15
Let d(t) = -26*t**2 + 1055*t - 4644. Determine d(5).
-19
Let l(c) = c**2 + 8439*c + 6857998. Calculate l(-911).
-10
Let w(v) = -3840*v + 7489. What is w(2)?
-191
Let n(t) = 3360*t - 114249. Determine n(34).
-9
Let z(j) = -755*j - 54727. Give z(-72).
-367
Let x(y) = -2*y**2 - 33147*y + 464434. What is x(14)?
-16
Let o(p) = 2507*p - 32593. Determine o(13).
-2
Let w(i) = 11*i**3 + 19*i**2 + 97*i + 56. What is w(-3)?
-361
Let i(v) = -201*v + 11033. Determine i(54).
179
Let a(q) = -485622*q - 24281106. Determine a(-50).
-6
Let t(y) = 2886377*y - 23091010. Give t(8).
6
Let y(m) = -44*m**2 + 139*m - 23. Determine y(3).
-2
Let s(q) = q**2 - 9638*q - 299735. Determine s(-31).
4
Let r(b) = 13*b**2 - 755*b - 434140. Give r(-156).
8
Let r(d) = -61*d**2 - 630*d - 104. Determine r(-11).
-555
Let c(t) = 17*t**3 - 212*t**2 + 422*t - 43. Give c(10).
-23
Let p(k) = -3*k**2 + 62095*k - 1054761. Give p(17).
-13
Let i(p) = -p**2 - 403*p - 14880. What is i(-41)?
-38
Let f(g) = -g**3 + 987*g**2 + 4922*g + 35. Determine f(-5).
225
Let d(s) = -8*s**2 - 899*s + 17196. What is d(-129)?
39
Let t(x) = -5*x**2 + 170*x + 1365. Calculate t(-8).
-315
Let t(j) = j**3 + 95*j**2 + 491*j + 161808. What is t(-105)?
3
Let i(d) = 2041*d + 17775. What is i(-8)?
1447
Let q(z) = 8*z**2 - 696*z + 9523. Give q(17).
3
Let f(i) = 50*i**2 + 352*i - 9. What is f(-7)?
-23
Let w(x) = 737*x - 1398. Give w(2).
76
Let q(m) = 4*m**3 + 5*m**2 - 80*m - 177. Calculate q(-2).
-29
Let b(p) = -p**3 - 10*p**2 + 1699*p + 8263. Determine b(39).
-5
Let f(i) = i**3 + 394*i**2 + 18672*i + 9187. Calculate f(-339).
34
Let r(h) = -3*h**3 + 11*h**2 + 69*h + 3. Give r(-3).
-24
Let w(y) = y**3 - 16*y**2 + 49*y - 364. Determine w(7).
-462
Let n(m) = -945*m**2 + 5652*m - 15. Give n(6).
-123
Let z(d) = -10*d**2 - 307*d + 25. Calculate z(-33).
-734
Let g(j) = 22525*j + 90169. Determine g(-4).
69
Let j(t) = 184*t**2 + 51*t + 46. Determine j(-1).
179
Let n(u) = u**3 - 447*u**2 - 1321*u + 189885. Calculate n(449).
-42
Let u(g) = -337*g**2 + 12*g + 24. Give u(-1).
-325
Let x(v) = -1024*v - 3319. What is x(-2)?
-1271
Let d(y) = 24104*y - 361586. What is d(15)?
-26
Let r(n) = 3*n**2 - 121023*n + 726036. Calculate r(6).
6
Let s(f) = -f**2 - 4177*f - 136691. Give s(-33).
61
Let z(y) = -y**3 - 6*y**2 + 1216*y + 11796. What is z(-10)?
36
Let a(u) = u**2 + 493*u + 2955. Calculate a(-6).
33
Let y(j) = -503284*j - 2516388. What is y(-5)?
32
Let p(l) = -5031*l - 45322. Calculate p(-9).
-43
Let w(u) = 2*u**3 - 150*u**2 + 350*u - 26335. Determine w(75).
-85
Let q(h) = 222*h - 36819. What is q(162)?
-855
Let r(n) = 59*n**2 - 4305*n + 27196. Determine r(66).
70
Let x(i) = i**3 - 35*i**2 - 127*i + 5471. What is x(34)?
-3
Let l(q) = -531*q - 7270. Determine l(-13).
-367
Let m(d) = 2*d**3 + 20*d**2 - 303*d + 11. Determine m(-18).
281
Let p(d) = 2141*d - 22027. What is p(10)?
-617
Let t(b) = b**3 + 3*b**2 - 388*b - 3288. What is t(-11)?
12
Let i(q) = -119934*q + 239794. What is i(2)?
-74
Let c(z) = -327587*z - 982911. Give c(-3).
-150
Let w(f) = -1342*f - 7931. Give w(-7).
1463
Let a(n) = 15*n**2 + 117*n + 1048. Determine a(-10).
1378
Let p(q) = -3*q**3 - 302*q**2 - 1695*q + 25. What is p(-6)?
-29
Let l(h) = h**3 + 321*h**2 - 597*h + 15806. Calculate l(-323).
-21
Let c(g) = g**3 + 19*g**2 - 426*g - 166. Calculate c(-32).
154
Let o(s) = 3789*s - 177885. Determine o(47).
198
Let u(p) = p**3 + 7*p**2 + 8519*p + 59628. Determine u(-7).
-5
Let k(a) = 3*a**3 + 173*a**2 + 138*a - 1159. Calculate k(-57).
-2527
Let o(s) = -12*s - 1009. Determine o(5).
-1069
Let t(d) = 29729*d + 1367519. Determine t(-46).
-15
Let n(o) = -8*o**2 + 693*o + 378. Give n(87).
117
Let j(o) = 50*o**2 - 732*o - 235. Calculate j(15).
35
Let c(v) = -2218*v - 44453. What is c(-20)?
-93
Let d(a) = a**3 + 264*a**2 - 1080*a - 2133. What is d(-268)?
11
Let u(z) = -19*z**3 - 10207*z**2 + 20416*z - 11. Give u(2).
-159
Let d(x) = -3*x**2 + 2263*x - 13603. Give d(6).
-133
Let i(j) = -81767*j - 31807367. Determine i(-389).
-4
Let g(s) = 75330*s - 828620. Calculate g(11).
10
Let u(k) = -1364*k + 26278. What is u(20)?
-1002
Let v(s) = -1239*s + 13535. What is v(9)?
2384
Let y(g) = 6680*g - 73525. Determine y(11).
-45
Let j(b) = 3*b**3 - 2091*b**2 - 56*b + 39070. Determine j(697).
38
Let h(d) = 19439*d - 874789. Determine h(45).
-34
Let l(g) = -195*g**2 + 3898*g + 34. What is l(20)?
-6
Let w(f) = -25966*f - 311584. What is w(-12)?
8
Let q(f) = -22578*f + 1219192. Calculate q(54).
-20
Let p(m) = -2085*m**2 + 12509*m + 27. Calculate p(6).
21
Let z(x) = 219106*x + 5477654. Give z(-25).
4
Let n(i) = -42*i**2 + 1546*i - 5260. What is n(33)?
20
Let w(p) = 2*p**3 - 64*p**2 + 1136*p - 39691. Calculate w(33).
-25
Let b(j) = -j**3 + 7*j**2 + 4439*j - 39984. What is b(9)?
-195
Let l(v) = -v**3 - 9*v**2 + 2846*v + 20051. What is l(-7)?
31
Let j(h) = 486*h - 2824. Determine j(15).
4466
Let g(w) = 232451*w + 464922. What is g(-2)?
20
Let y(v) = -20*v**2 - 1030*v + 91177. Determine y(-98).
37
Let i(w) = -w**3 + 3*w**2 + 241*w - 1372. Determine i(12).
224
Let b(w) = 20477*w + 61409. Calculate b(-3).
-22
Let a(s) = -1153*s + 38928. Determine a(32).
2032
Let a(j) = -2121*j + 356313. Give a(168).
-15
Let b(u) = 90613*u + 1268563. Determine b(-14).
-19
Let s(y) = y**2 - 149215*y + 1492076. What is s(10)?
26
Let v(q) = 16*q**2 - 1102*q - 1252. Calculate v(70).
8
Let r(g) = 24967*g + 2596565. Calculate r(-104).
-3
Let p(s) = 16*s**3 - 909*s**2 - 177*s + 376. What is p(57)?
34
Let k(t) = 9763*t + 58682. Calculate k(-6).
104
Let o(l) = 4*l**2 - 153*l + 839. What is o(34)?
261
Let v(a) = a**3 - 96*a**2 - 345*a + 14600. Calculate v(98).
-2
Let l(y) = 7*y**3 - 178*y**2 - 51*y + 2516. Give l(25).
-634
Let x(a) = 155*a - 8109. Calculate x(54).
261
Let u(q) = q**3 - 83*q**2 - 1262*q - 177. Determine u(-13).
5
Let l(a) = 5199*a + 88408. Give l(-17).
25
Let r(o) = -787*o - 29138. What is r(-37)?
-19
Let s(f) = -8*f**2 + 86*f + 214. Determine s(-6).
-590
Let d(c) = -2*c**3 + 1444*c**2 + 6565*c + 512541. Calculate d(727).
6
Let s(q) = -22925*q + 206309. Determine s(9).
-16
Let k(m) = -m**3 + 64*m**2 + 119*m - 3598. What is k(65)?
-88
Let s(r) = -34*r**2 + 588*r - 1899. Give s(13).
-1
Let a(v) = 2*v**3 - 18*v**2 - 91*v + 775. Calculate a(10).
65
Let z(x) = 15*x**2 - 379*x - 2704. Calculate z(-7).
684
Let b(d) = d**3 + 554*d**2 + 8128*d + 23189. Determine b(-539).
12
Let k(l) = -2*l**3 + 16*l**2 + 31*l - 354. Determine k(7).
-39
Let r(a) = 3535*a - 39030. Calculate r(11).
-145
Let l(z) = -5*z**2 + 1698*z + 355747. Determine l(486).
-5
Let d(l) = l**2 + 59598*l + 893749. Calculate d(-15).
4
Let z(o) = -3561*o + 17450. What is z(5)?
-355
Let p(s) = -5*s**3 - 10*s**2 - 594*s - 1832. Calculate p(-3).
-5
Let v(j) = j*